 divided by 8.
6
Suppose 9*v = 25*v - 752. Calculate the remainder when v is divided by 7.
5
Let r(k) = k**3 + 9*k**2 + 2. Let p be r(-9). Suppose -4*z - 2*v = -126, -3*v - 101 = p*z - 6*z. What is the remainder when 85 is divided by z?
27
Let r = 261 - 235. Suppose 5*u - 372 = y, -1 - 65 = -u + 3*y. What is the remainder when u is divided by r?
23
Let o = 199 + -153. Calculate the remainder when 132 is divided by o.
40
Let d(s) = -s + 9. Calculate the remainder when 96 is divided by d(-24).
30
Suppose -10*l + 13*l + 2*k - 41 = 0, -l - 5*k = -5. What is the remainder when 57 is divided by l?
12
Suppose -3*h - 24 = -7*h. Let r = -5 + 1. Calculate the remainder when (-58)/r + (-1)/(-2) is divided by h.
3
Suppose 4*f - 379 = -u, -5*f + 506 - 34 = 3*u. What is the remainder when f is divided by 1261/52 - (-2)/(-8)?
23
Let y = -50 + 106. Let i be 4/(-20) - ((-126)/5 + 2). Let c = y - i. Calculate the remainder when c is divided by 9.
6
Let g(f) = f**2 + 5*f + 2. Let u be g(-5). Suppose -3*w + 91 + u = 0. What is the remainder when w is divided by 8?
7
Let x(s) = -s**2 + 28*s - 84. What is the remainder when x(6) is divided by 2 - (16 + 0)/(-2)?
8
Let o = 461 + -374. Calculate the remainder when 516 is divided by o.
81
Suppose s + q = -9, 4*q + 8 = -s - 16. What is the remainder when -2 + (-225)/(-12) + (-1)/s is divided by 0/(0 + 1) + 10?
7
Let z(d) be the first derivative of -d**2/2 - d + 7. Let i be z(-5). Suppose i*q - 4*a = 84, -q + 8 = -2*a - 14. What is the remainder when q is divided by 7?
6
Let j(k) = 21*k**2 + 3*k - 3. Calculate the remainder when j(-2) is divided by 24.
3
Suppose 10*h = 105 + 195. Suppose 0 = 4*t + 6*j - 11*j - 41, -3*t + h = -3*j. Calculate the remainder when 80 is divided by t.
8
Suppose -4*p + 12 = -3*p. Let q be -1*-23*(-1)/(-1). Let y = q + -16. What is the remainder when p is divided by y?
5
Suppose 4*c = 3*o + 3563, 0*c + 4*o + 894 = c. Suppose v - 3*v - c = 0. What is the remainder when 41 is divided by v/(-20) + (-3)/12?
19
Let b be ((-2)/(-3))/((-42)/(-315)). Suppose 0*f = b*f - 45. Suppose 2*o + o = 3*m + 111, -2*o + 77 = -3*m. Calculate the remainder when o is divided by f.
7
Let c(k) = 14*k**3 - k**2 + 2*k + 2. Let j(z) = -29*z**3 + 3*z**2 - 4*z - 4. Let f(v) = -5*c(v) - 2*j(v). Calculate the remainder when 54 is divided by f(-1).
10
Let m(f) = f**2 + f + 1. Suppose -271*l = -276*l + 705. What is the remainder when l is divided by m(-4)?
11
Let k(s) = 35*s**2 + s + 1. Suppose -5 - 2 = -3*x + 4*b, -3*x - 4*b = 1. What is the remainder when k(x) is divided by 0 + 12 + (-2 - 0)?
7
What is the remainder when 417 is divided by ((-102)/(-68))/(3/44)?
21
Calculate the remainder when 213 is divided by -2 + (12 - 5) - -69.
65
Let t = -2 - -6. Let o = 5 + t. Let z(x) = -x**3 - 7*x**2 + 8*x + 4. Calculate the remainder when o is divided by z(-8).
1
Suppose 0 = -4*d - 2*z + 16, 0 = -2*d + 3*d + 4*z + 10. Let m(v) = 2*v + 2. Let f(w) = w**3 - w**2 - w + 27. What is the remainder when f(0) is divided by m(d)?
13
Let i(a) = -3*a**3 - 2*a**2 + 2*a. Let y be i(-2). Suppose g + 11 = -4*g - 2*j, -2*g = -5*j - 13. What is the remainder when 78 is divided by (162/y)/(g/(-2))?
24
Let h be (3/9)/(3/27). Suppose 2*f - 4*v = 172, -2*f - 2*v - 2*v + 212 = 0. Suppose f = h*q + q. What is the remainder when 92 is divided by q?
20
Suppose 1024 = 12*v - 1544. What is the remainder when v is divided by 44?
38
Let n(i) = 9*i + 108. What is the remainder when n(13) is divided by 76?
73
Suppose x = -2*g + 268, -3*x + 749 = g - 6*g. Suppose 0*y + x = 6*y. Calculate the remainder when y is divided by 23.
20
Suppose 5 - 2 = 3*t. Suppose h + 0 - t = 0. What is the remainder when h + 1 + 32/8 is divided by 4?
2
Let p(c) = -c**3 - 8*c**2 - 5*c + 12. Let z be p(-7). Let y(g) = -3*g**3 + 2*g**2 - g - 4. What is the remainder when (1*11)/((-2)/(-16)) is divided by y(z)?
28
Let l(k) = -k**3 + k**2 + k - 1. Let v(x) = -3*x**3 - 13*x**2 - 27*x - 20. Let t(n) = -2*l(n) + v(n). What is the remainder when t(-13) is divided by 6?
3
What is the remainder when 81 is divided by (-268)/(-6) + 7/(44 + -23)?
36
Calculate the remainder when 262 is divided by (43875/(-52))/(-25) + (-6)/8.
31
Suppose 13*k - 16 = 15*k. Let g = k - -22. What is the remainder when 39 is divided by g?
11
Suppose -10*s - 27 - 13 = 0. Calculate the remainder when 62 is divided by 1/(-1) + 2 - s.
2
Suppose 0 = -f + 2*f - 73. Calculate the remainder when f is divided by 2*((-125)/200)/((-2)/24).
13
What is the remainder when 1038 is divided by 3/(2/(-16)*6) - -22?
12
Suppose 316 = 40*g - 1884. What is the remainder when 153 is divided by g?
43
Let f be (-5 + -1)*525/(-9). Suppose -4*y - 2*q + 12 = 0, -y - 2*q + 10 = y. What is the remainder when y/(-6) - f/(-12) is divided by 16?
13
Let m = 178 - 125. Let h = 46 + 26. Suppose j - h = -3*j. What is the remainder when m is divided by j?
17
Let i = 21 + -3. Suppose -2*z + w = 2*z - 24, 3*z - i = -4*w. Let l = 54 - 38. Calculate the remainder when l is divided by z.
4
Let v(s) = 7*s - 10. Let x(k) = -6*k + 9. Let j(a) = -5*v(a) - 6*x(a). Let u be j(6). Suppose 0 = -u*w + 7 + 5. Calculate the remainder when w is divided by 3.
0
Suppose 72 - 20 = 4*w. Suppose h - q - w = 11, 2*h - 34 = -5*q. What is the remainder when 43 is divided by h?
21
Suppose i - 35 = -3*b - 0*b, 3*b - i = 25. Suppose -b*j + 576 = -314. What is the remainder when j is divided by 30?
29
Let f be (3 - 4)/(1/(-11)). Suppose 2*u = u + f. What is the remainder when ((-6)/27)/(4/6)*-63 is divided by u?
10
Suppose 2*t - 2*b = 5*t - 12, -4*b = -t - 10. Let q(h) = 2*h**3 + 9*h**t - 5 - 3*h**2 - h**3 - 4*h - h**2. What is the remainder when 43 is divided by q(-5)?
13
Let m(i) be the first derivative of i**2 - i - 4. Let y be m(2). Suppose -2*n - y*n = -45. Calculate the remainder when 17 is divided by n.
8
Calculate the remainder when 191 is divided by 2*-2*(3 + -9).
23
Suppose -4*o - 19 = -2*o - 5*y, -4*o + 5*y - 13 = 0. Suppose -o*f = -3*c, -c - 2*c - 10 = 2*f. What is the remainder when 438/9 - c/6 is divided by 13?
10
Let n(f) = f**3 - 13*f**2 + 9*f - 19. Calculate the remainder when n(13) is divided by 20.
18
Let f(l) = l**3 - l**2 + l + 98. What is the remainder when f(0) is divided by 1/1 + (4 - 5)*-19?
18
Let m(l) be the third derivative of l**5/30 + l**4/24 + l**3 + 2*l**2. What is the remainder when m(5) is divided by 16?
13
Let r be (-4 + 0/3)*22/(-8). Let l(a) = a**3 - 13*a**2 + 22*a + 3. Calculate the remainder when 8 is divided by l(r).
2
Let j be ((-18)/(-21))/((-3)/21). Let a be (-282)/18 + (-4)/j. Calculate the remainder when 33 is divided by (-6)/a*(29 - -1).
9
Let d(i) = -i**2 + 9*i - 6. Let c be d(8). Let y be c/((-1)/((-6)/4)). Suppose -y*m = -40 + 4. Calculate the remainder when 22 is divided by m.
10
Let d = -7 - -17. Suppose -59 = -2*j - b, -19*j - 3*b = -22*j + 66. Calculate the remainder when j is divided by d.
7
Let z(q) = -5*q - 2. What is the remainder when z(-17) is divided by 26?
5
Let b(w) = -w**2 - 13*w + 1. Let i = 75 - 5. Let r = i - 34. Calculate the remainder when r is divided by b(-12).
10
Let r be ((-7)/2 + 4)*8. Suppose -r*u + 3*l = -105 + 13, -4*l = -u + 36. Suppose 10 = 2*o - u. What is the remainder when o is divided by 4?
3
Suppose 0 = 3*j - 3*r, 0 = -6*r + 4*r + 8. Let g(b) = -2*b**2 + 76*b - 89. Calculate the remainder when g(36) is divided by 73/j - (-6)/8.
17
Let g(k) = -870*k**3 - 2*k**2 + 2*k + 3. Calculate the remainder when g(-1) is divided by 87.
86
Suppose 0 = 10*s - 8*s + 4. Let n be 2 - ((-6)/s + -6). Suppose 2*u - j = 2, n*u + 0 - 5 = 3*j. What is the remainder when 1 is divided by u?
0
Calculate the remainder when (-5 + -4 + 12)*3 is divided by 6.
3
Let m(k) = -23*k + 5. Let c be 0 - (-25)/(-4) - (-8)/32. What is the remainder when m(c) is divided by 16?
15
Suppose 2*h = 2*h - h. What is the remainder when h + -5 + 2 - (-50 - -9) is divided by 10?
8
Let y = 977 - 940. Calculate the remainder when 61 is divided by y.
24
Let n = 644 - 606. Calculate the remainder when 40 is divided by n.
2
Suppose -137*u - 29*u - 684 = -3174. What is the remainder when 358/4 - 1/2 is divided by u?
14
Let l(h) = 3*h**3 - 3*h**2 - 2*h - 4. Let v = -108 + 123. Calculate the remainder when l(3) is divided by v.
14
Let k(c) = 2*c + 69. Calculate 